 x(-7).
231
Let v(k) = 51*k - 55. Calculate v(1).
-4
Let r(x) = -20*x + 3. Calculate r(3).
-57
Let n(a) = -731*a + 238316. Give n(326).
10
Let g(i) = -4*i**2 - 442*i - 246. Calculate g(-110).
-26
Let m(x) = -21*x - 413. Determine m(13).
-686
Let b(f) = 29*f - 2052. Determine b(71).
7
Let y(a) = -a**2 + 24*a - 131. Determine y(6).
-23
Let c(p) = 1549*p + 23236. Calculate c(-15).
1
Let i(w) = -57*w - 332. What is i(-6)?
10
Let v(w) = 178*w + 13150. Give v(-74).
-22
Let z(i) = -8*i**2 - 37*i - 37. Determine z(4).
-313
Let z(y) = -360*y + 5410. Determine z(15).
10
Let z(l) = l**2 + 120*l - 1722. Determine z(13).
7
Let w(m) = -m**2 + 85*m + 2882. Determine w(111).
-4
Let d(h) = -6*h + 125. What is d(20)?
5
Let c(n) = 750*n + 5245. Determine c(-7).
-5
Let p(z) = -141*z - 304. Determine p(-2).
-22
Let m(t) = -3*t**2 - 36*t + 203. What is m(5)?
-52
Let c(y) = -y**2 + 80*y - 1623. What is c(39)?
-24
Let f(p) = p**3 - 9*p**2 - 92*p + 740. What is f(7)?
-2
Let v(g) = 105*g + 204. Give v(-2).
-6
Let y(a) = 18*a**2 + 2318*a - 516. What is y(-129)?
0
Let t(k) = -5*k**2 + 125*k + 25. What is t(27)?
-245
Let m(r) = -4*r**3 - 57*r**2 - 17*r + 33. Calculate m(-14).
75
Let l(o) = -28*o**2 + 69*o + 10. What is l(6)?
-584
Let w(m) = m**3 - 7*m**2 + 52*m + 60. Calculate w(-1).
0
Let j(i) = 24*i**2 - 27*i - 1. What is j(0)?
-1
Let w(i) = -i**2 - 25*i - 91. Determine w(-6).
23
Let s(b) = b**3 - 51*b**2 + 98*b - 6. Give s(49).
-6
Let u(p) = -2*p**3 + 4*p**2 - 11*p + 23. What is u(3)?
-28
Let w(h) = 8365*h + 175670. Determine w(-21).
5
Let c(i) = 4*i**3 - 25*i**2 - 60*i + 12. Calculate c(8).
-20
Let i(s) = -4*s**2 - 58*s + 1. What is i(-20)?
-439
Let h(z) = z**2 - 28*z - 103. Give h(16).
-295
Let f(u) = 4*u + 161. Calculate f(-46).
-23
Let k(z) = 6*z**2 - 62*z - 134. What is k(-2)?
14
Let l(p) = p - 4. Give l(-6).
-10
Let y(w) = w**3 + 8*w**2 - 8*w + 27. Determine y(-6).
147
Let d(h) = -233*h + 1793. Calculate d(7).
162
Let f(p) = 44*p - 89. Calculate f(5).
131
Let w(b) = 16*b + 77. Calculate w(-5).
-3
Let y(q) = 29*q**2 - 3*q - 3. Calculate y(-2).
119
Let h(x) = x**2 + 66*x + 896. Give h(-47).
3
Let w(s) = s**2 + 45*s + 238. What is w(-6)?
4
Let b(o) = -40*o**2 - 420*o - 134. Determine b(-10).
66
Let g(z) = -z**3 - 359*z**2 + 7583*z + 1137. What is g(-379)?
0
Let z(b) = 8*b**2 + 291*b + 167. What is z(-36)?
59
Let o(b) = -b**3 + 8*b**2 + 31*b - 122. What is o(11)?
-144
Let k(j) = -8*j**3 + 29*j**2 - 20*j - 10. Calculate k(1).
-9
Let q(m) = -10419*m - 72922. Determine q(-7).
11
Let h(z) = -z**3 + 72*z**2 + 75*z - 151. Determine h(73).
-5
Let r(u) = -51*u - 629. Calculate r(-12).
-17
Let m(u) = 6*u**2 + 2622*u + 2608. Calculate m(-436).
-8
Let j(g) = 17*g**3 + 2*g**2 - 24*g + 40. Calculate j(2).
136
Let i(m) = 24*m**2 + 90*m + 1. What is i(-4)?
25
Let y(b) = -98*b - 1350. Determine y(-13).
-76
Let v(i) = 715*i - 777. Determine v(1).
-62
Let v(w) = -102*w + 387. Determine v(4).
-21
Let j(z) = -17*z + 768. Calculate j(59).
-235
Let x(f) = -5*f**2 - 7*f - 16. Give x(3).
-82
Let k(p) = -4*p**2 + 70*p - 35. Determine k(17).
-1
Let b(i) = i**3 - 2*i**2 + 9*i - 33. Determine b(3).
3
Let k(s) = 125*s**3 + 3*s**2 + s - 2. What is k(-1)?
-125
Let t(c) = c**2 + 102. Give t(-10).
202
Let d(l) = l**3 + 11*l**2 - 94*l + 31. What is d(6)?
79
Let c(w) = -w**3 - 120*w**2 - 114*w + 659. Determine c(-119).
64
Let v(a) = -5*a - 158. Give v(-22).
-48
Let d(a) = 55*a + 63. Determine d(-5).
-212
Let d(j) = -2*j**3 + 5*j**2 - 16*j + 20. Calculate d(4).
-92
Let p(j) = 108*j - 768. What is p(7)?
-12
Let n(c) = 918*c - 23869. Determine n(26).
-1
Let g(v) = -v**3 + 13*v**2 - 31*v + 11. Determine g(10).
1
Let h(l) = -100*l**3 + 4*l**2 - 24*l + 22. Give h(1).
-98
Let v(a) = a**3 + 11*a**2 - 305*a - 3525. Determine v(-12).
-9
Let g(s) = 178*s**2 - 6*s + 3. Calculate g(1).
175
Let f(a) = 4381*a - 56954. What is f(13)?
-1
Let g(b) = -66*b + 1930. Give g(29).
16
Let r(x) = 358*x - 5020. Determine r(14).
-8
Let z(d) = d**3 - 127*d**2 + 373*d - 105. Determine z(124).
19
Let y(q) = -q**2 + 11*q + 48. Calculate y(0).
48
Let k(w) = 2*w**3 + 16*w**2 - 77*w - 92. Determine k(-11).
29
Let n(a) = -75*a**3 - 9*a**2 + 8*a + 2. Give n(1).
-74
Let i(y) = y**2 - 6*y - 41. Calculate i(0).
-41
Let x(m) = -7*m**2 - 1032*m + 3163. Calculate x(3).
4
Let l(n) = 2*n**3 - n**2 + 9*n + 31. Calculate l(-6).
-491
Let l(p) = -6*p**3 - 3*p**2 + 729*p - 726. Determine l(1).
-6
Let c(y) = -7*y**2 - 25*y - 32. Give c(-2).
-10
Let g(a) = 17*a - 18. What is g(-4)?
-86
Let o(t) = 6*t**3 + 65*t**2 + 13*t. Determine o(-10).
370
Let l(m) = 12*m + 513. Determine l(-38).
57
Let i(a) = -2*a**3 - 20*a**2 - 29*a - 269. Give i(-10).
21
Let t(k) = -88*k**2 - 2542*k + 285. What is t(-29)?
-5
Let n(z) = 4*z**3 - 5*z**2 - 5*z - 2. What is n(3)?
46
Let t(b) = -b**3 - b**2 + 34*b - 19. Calculate t(5).
1
Let c(f) = -2*f**2 + 14*f + 20. Calculate c(11).
-68
Let n(d) = -d**3 - 11*d**2 + 39*d + 85. Determine n(-14).
127
Let z(v) = 45*v + 15. Give z(0).
15
Let d(r) = r**3 - 16*r**2 - 45*r + 716. Determine d(16).
-4
Let j(z) = z**3 - 12*z**2 - 110*z + 112. Determine j(18).
76
Let c(i) = 11*i**3 - 19*i**2 + i + 1. Give c(-2).
-165
Let f(h) = 2*h**2 - 179*h - 4763. What is f(111)?
10
Let i(k) = k**3 - 10*k**2 + 61*k - 194. Calculate i(3).
-74
Let g(w) = w**2 + 40*w + 19. Calculate g(-20).
-381
Let t(o) = -142*o**2 + 860*o - 27. Determine t(6).
21
Let u(r) = 14*r**2 - 590*r + 79. Determine u(42).
-5
Let j(t) = -7*t - 94. Give j(22).
-248
Let b(w) = -w**3 + 26*w**2 - 50*w + 646. Calculate b(25).
21
Let k(c) = 1871*c - 273176. Give k(146).
-10
Let u(z) = 7*z - 31. Determine u(-23).
-192
Let n(a) = 22*a - 125. Calculate n(6).
7
Let o(b) = -23*b**3 - 6*b**2 + 21*b + 93. Determine o(-4).
1385
Let p(x) = -2*x**3 - 61*x**2 + 332*x + 588. Determine p(-35).
-7
Let h(d) = 3*d + 319. Determine h(-64).
127
Let q(z) = -2*z**3 - z**2 - 10*z + 11. What is q(1)?
-2
Let f(w) = -5*w - 421. What is f(0)?
-421
Let o(j) = -103*j - 89. Give o(2).
-295
Let i(b) = -b**3 - 53*b**2 + 63*b - 5874. Give i(-56).
6
Let n(f) = 3*f + 99. Calculate n(-50).
-51
Let j(q) = -74*q - 156. What is j(-2)?
-8
Let m(s) = -197*s + 378. Give m(5).
-607
Let d(l) = 145*l - 1701. What is d(11)?
-106
Let n(o) = -o**2 - 79*o - 1663. Calculate n(-54).
-313
Let i(c) = -5*c + 2. What is i(-4)?
22
Let d(t) = 14162*t - 325726. Determine d(23).
0
Let q(x) = -x**2 - 44*x - 318. Give q(-35).
-3
Let z(b) = 6*b**2 + 76*b + 78. Determine z(-1).
8
Let n(m) = -m**2 - 113*m + 1122. Give n(9).
24
Let j(h) = 385*h + 69695. Determine j(-181).
10
Let i(s) = -s**2 + 39*s - 21. What is i(43)?
-193
Let y(f) = f**2 - 11*f - 90. Determine y(16).
-10
Let t(f) = -f**3 + 42*f**2 - 56*f + 633. What is t(41)?
18
Let x(q) = 354*q**2 - 1762*q - 40. Calculate x(5).
0
Let u(z) = 3*z**2 - 477*z - 1947. Give u(163).
9
Let r(d) = d**3 + 90*d**2 + 1124*d - 65. Determine r(-75).
10
Let c(p) = -p**2 + 20*p - 46. What is c(17)?
5
Let g(l) = -46*l + 5239. What is g(114)?
-5
Let g(z) = -5*z**2 + 299*z - 337. Determine g(59).
-101
Let a(w) = w**2 + 110*w + 2520. What is a(-34)?
-64
Let x(k) = k**3 + 43*k**2 + 96*k + 740. Determine x(-41).
166
Let c(v) = 4*v**3 + v - 2. Calculate c(-2).
-36
Let n(g) = -577*g - 3494. Give n(-6).
-32
Let i(z) = 135*z + 7834. Determine i(-58).
4
Let p(h) = h**3 + 23*h**2 - 73*h - 570. Give p(-25).
5
Let j(p) = -2*p**3 - 15*p**2 + 4*p + 48. Calculate j(-7).
-29
Let q(y) = 4884*y - 175833. Give q(36).
-9
Let d(q) = -14*q**2 - 70*q - 95. Give d(-2).
-11
Let y(p) = 29*p + 118. What is y(-11)?
-201
Let m(k) = -6*k**3 - 4*k**2 + k + 27. Determine m(-3).
150
Let d(p) = -p**2 + 83*p - 91. What is d(82)?
-9
Let q(u) = -2*u**3 - 15*u**2 + 83*u - 41. Calculate q(-10).
-371
Let v(c) = -151*c + 664. Determine v(5).
-91
Let t(j) = -j**3 - 3*j**2 - 26*j + 29. Determine t(0).
29
Let p(q) = 8*q**2 - 5*q + 10. What is p(5)?
185
Let p(l) = 88*l + 6554. What is p(-75)?
-46
Let i(b) = 82*b + 17680. What is i(-216)?
-32
Let i(r) = 6830*r - 68295. Determine i(10).
5
Let f(j) = -6348*j + 25399. What is f(4)?
7
Let y(k) = 70*k - 1539. Determine y(22).
1
Let d(c) = c**3 + 11*c**2 - 6*c - 51. Calculate d(-12).
-123
Let q(c) = -148*c + 895. Give q(6).
7
Let d(t) = t**2 - 4*t - 7023. Calculate d(-82).
29
Let i(w) = w**3 + 33*w**2 + 89*w - 20.